{"id":1391,"date":"2024-12-29T19:22:21","date_gmt":"2024-12-29T18:22:21","guid":{"rendered":"https:\/\/www.vaweld.hu\/?post_type=product&#038;p=1391"},"modified":"2025-11-20T20:08:36","modified_gmt":"2025-11-20T19:08:36","slug":"szalanyag-szallito-kocsi","status":"publish","type":"product","link":"https:\/\/www.vaweld.hu\/index.php\/termek\/szalanyag-szallito-kocsi\/","title":{"rendered":"sz\u00e1lanyag sz\u00e1ll\u00edt\u00f3, cs\u0151sz\u00e1ll\u00edt\u00f3 k\u00e9zi kocsi"},"content":{"rendered":"<p>Sz\u00e1lanyagok, cs\u0151szakaszok, alkatr\u00e9szek sz\u00e1ll\u00edt\u00e1s\u00e1ra tervezett k\u00e9zi cs\u0151sz\u00e1ll\u00edt\u00f3 kocsi. Nagyban megk\u00f6nny\u00edti az \u00e9p\u00edtkez\u00e9s ter\u00fclet\u00e9n val\u00f3 sz\u00e1lanyagok, cs\u00f6vek, cs\u0151szakaszok sz\u00e1ll\u00edt\u00e1s\u00e1t.<\/p>\n<ul>\n<li>er\u0151s, strapab\u00edr\u00f3 fel\u00e9p\u00edtm\u00e9ny<\/li>\n<li>felf\u00fajhat\u00f3 kerekek puh\u00e1bb vagy kavicsos talajon t\u00f6rt\u00e9n\u0151 haszn\u00e1latra<\/li>\n<li>kompakt, egyszer\u0171 szerkezet<\/li>\n<\/ul>\n","protected":false},"excerpt":{"rendered":"<p>Sz\u00e1lanyagok, cs\u0151szakaszok, alkatr\u00e9szek sz\u00e1ll\u00edt\u00e1s\u00e1ra tervezett k\u00e9zi cs\u0151sz\u00e1ll\u00edt\u00f3 kocsi. Nagyban megk\u00f6nny\u00edti az \u00e9p\u00edtkez\u00e9s ter\u00fclet\u00e9n val\u00f3 sz\u00e1lanyagok, cs\u00f6vek, cs\u0151szakaszok sz\u00e1ll\u00edt\u00e1s\u00e1t. er\u0151s, strapab\u00edr\u00f3 fel\u00e9p\u00edtm\u00e9ny felf\u00fajhat\u00f3 kerekek puh\u00e1bb vagy kavicsos talajon t\u00f6rt\u00e9n\u0151 haszn\u00e1latra kompakt, egyszer\u0171 szerkezet<\/p>\n","protected":false},"featured_media":1392,"template":"","meta":[],"product_cat":[68],"product_tag":[],"class_list":{"0":"post-1391","1":"product","2":"type-product","3":"status-publish","4":"has-post-thumbnail","6":"product_cat-szerszamok-ipari-felhasznalasra","7":"product_shipping_class-nagy","9":"first","10":"outofstock","11":"taxable","12":"shipping-taxable","13":"purchasable","14":"product-type-simple"},"yoast_head":"<!-- This site is optimized with the Yoast SEO Premium plugin v23.8 (Yoast SEO v27.4) - https:\/\/yoast.com\/product\/yoast-seo-premium-wordpress\/ -->\n<title>sz\u00e1lanyag sz\u00e1ll\u00edt\u00f3, cs\u0151sz\u00e1ll\u00edt\u00f3 k\u00e9zi kocsi - VAWELD.HU<\/title>\n<meta name=\"description\" content=\"Sz\u00e1lanyagok, cs\u0151szakaszok, alkatr\u00e9szek sz\u00e1ll\u00edt\u00e1s\u00e1ra tervezett k\u00e9zi cs\u0151sz\u00e1ll\u00edt\u00f3 kocsi. Nagyban megk\u00f6nny\u00edti az \u00e9p\u00edtkez\u00e9s ter\u00fclet\u00e9n val\u00f3 sz\u00e1lanyagok, cs\u00f6vek\u2026\" \/>\n<meta name=\"robots\" content=\"index, follow, max-snippet:-1, max-image-preview:large, max-video-preview:-1\" \/>\n<link rel=\"canonical\" href=\"https:\/\/www.vaweld.hu\/index.php\/termek\/szalanyag-szallito-kocsi\/\" \/>\n<meta property=\"og:locale\" content=\"hu_HU\" \/>\n<meta property=\"og:type\" content=\"article\" \/>\n<meta property=\"og:title\" content=\"sz\u00e1lanyag sz\u00e1ll\u00edt\u00f3, cs\u0151sz\u00e1ll\u00edt\u00f3 k\u00e9zi kocsi\" \/>\n<meta property=\"og:description\" content=\"Sz\u00e1lanyagok, cs\u0151szakaszok, alkatr\u00e9szek sz\u00e1ll\u00edt\u00e1s\u00e1ra tervezett k\u00e9zi cs\u0151sz\u00e1ll\u00edt\u00f3 kocsi. Nagyban megk\u00f6nny\u00edti az \u00e9p\u00edtkez\u00e9s ter\u00fclet\u00e9n val\u00f3 sz\u00e1lanyagok, cs\u00f6vek\u2026\" \/>\n<meta property=\"og:url\" content=\"https:\/\/www.vaweld.hu\/index.php\/termek\/szalanyag-szallito-kocsi\/\" \/>\n<meta property=\"og:site_name\" content=\"VAWELD.HU\" \/>\n<meta property=\"article:publisher\" content=\"https:\/\/www.facebook.com\/VargaAttilaEv\" \/>\n<meta property=\"article:modified_time\" content=\"2025-11-20T19:08:36+00:00\" \/>\n<meta property=\"og:image\" content=\"https:\/\/www.vaweld.hu\/wp-content\/uploads\/2024\/12\/DSC_0828-scaled-e1735983405443.webp\" \/>\n\t<meta property=\"og:image:width\" content=\"1707\" \/>\n\t<meta property=\"og:image:height\" content=\"1707\" \/>\n\t<meta property=\"og:image:type\" content=\"image\/webp\" \/>\n<meta name=\"twitter:card\" content=\"summary_large_image\" \/>\n<script type=\"application\/ld+json\" class=\"yoast-schema-graph\">{\"@context\":\"https:\\\/\\\/schema.org\",\"@graph\":[{\"@type\":\"WebPage\",\"@id\":\"https:\\\/\\\/www.vaweld.hu\\\/index.php\\\/termek\\\/szalanyag-szallito-kocsi\\\/\",\"url\":\"https:\\\/\\\/www.vaweld.hu\\\/index.php\\\/termek\\\/szalanyag-szallito-kocsi\\\/\",\"name\":\"sz\u00e1lanyag sz\u00e1ll\u00edt\u00f3, cs\u0151sz\u00e1ll\u00edt\u00f3 k\u00e9zi kocsi - VAWELD.HU\",\"isPartOf\":{\"@id\":\"https:\\\/\\\/www.vaweld.hu\\\/#website\"},\"primaryImageOfPage\":{\"@id\":\"https:\\\/\\\/www.vaweld.hu\\\/index.php\\\/termek\\\/szalanyag-szallito-kocsi\\\/#primaryimage\"},\"image\":{\"@id\":\"https:\\\/\\\/www.vaweld.hu\\\/index.php\\\/termek\\\/szalanyag-szallito-kocsi\\\/#primaryimage\"},\"thumbnailUrl\":\"https:\\\/\\\/www.vaweld.hu\\\/wp-content\\\/uploads\\\/2024\\\/12\\\/DSC_0828-scaled-e1735983405443.webp\",\"datePublished\":\"2024-12-29T18:22:21+00:00\",\"dateModified\":\"2025-11-20T19:08:36+00:00\",\"description\":\"Sz\u00e1lanyagok, cs\u0151szakaszok, alkatr\u00e9szek sz\u00e1ll\u00edt\u00e1s\u00e1ra tervezett k\u00e9zi cs\u0151sz\u00e1ll\u00edt\u00f3 kocsi. Nagyban megk\u00f6nny\u00edti az \u00e9p\u00edtkez\u00e9s ter\u00fclet\u00e9n val\u00f3 sz\u00e1lanyagok, cs\u00f6vek\u2026\",\"breadcrumb\":{\"@id\":\"https:\\\/\\\/www.vaweld.hu\\\/index.php\\\/termek\\\/szalanyag-szallito-kocsi\\\/#breadcrumb\"},\"inLanguage\":\"hu\",\"potentialAction\":[{\"@type\":\"ReadAction\",\"target\":[\"https:\\\/\\\/www.vaweld.hu\\\/index.php\\\/termek\\\/szalanyag-szallito-kocsi\\\/\"]}]},{\"@type\":\"ImageObject\",\"inLanguage\":\"hu\",\"@id\":\"https:\\\/\\\/www.vaweld.hu\\\/index.php\\\/termek\\\/szalanyag-szallito-kocsi\\\/#primaryimage\",\"url\":\"https:\\\/\\\/www.vaweld.hu\\\/wp-content\\\/uploads\\\/2024\\\/12\\\/DSC_0828-scaled-e1735983405443.webp\",\"contentUrl\":\"https:\\\/\\\/www.vaweld.hu\\\/wp-content\\\/uploads\\\/2024\\\/12\\\/DSC_0828-scaled-e1735983405443.webp\",\"width\":1707,\"height\":1707,\"caption\":\"sz\u00e1lanyag sz\u00e1ll\u00edt\u00f3 k\u00e9zikocsi, sz\u00e1lanyag sz\u00e1ll\u00edt\u00f3\"},{\"@type\":\"BreadcrumbList\",\"@id\":\"https:\\\/\\\/www.vaweld.hu\\\/index.php\\\/termek\\\/szalanyag-szallito-kocsi\\\/#breadcrumb\",\"itemListElement\":[{\"@type\":\"ListItem\",\"position\":1,\"name\":\"Kezd\u0151lap\",\"item\":\"https:\\\/\\\/www.vaweld.hu\\\/\"},{\"@type\":\"ListItem\",\"position\":2,\"name\":\"Shop\",\"item\":\"https:\\\/\\\/www.vaweld.hu\\\/index.php\\\/shop\\\/\"},{\"@type\":\"ListItem\",\"position\":3,\"name\":\"sz\u00e1lanyag sz\u00e1ll\u00edt\u00f3, cs\u0151sz\u00e1ll\u00edt\u00f3 k\u00e9zi kocsi\"}]},{\"@type\":\"WebSite\",\"@id\":\"https:\\\/\\\/www.vaweld.hu\\\/#website\",\"url\":\"https:\\\/\\\/www.vaweld.hu\\\/\",\"name\":\"VAWELD.HU\",\"description\":\"VAWELD.HU Gy\u00e1rt\u00e1s, hegeszt\u00e9s, kaputechnika\",\"potentialAction\":[{\"@type\":\"SearchAction\",\"target\":{\"@type\":\"EntryPoint\",\"urlTemplate\":\"https:\\\/\\\/www.vaweld.hu\\\/?s={search_term_string}\"},\"query-input\":{\"@type\":\"PropertyValueSpecification\",\"valueRequired\":true,\"valueName\":\"search_term_string\"}}],\"inLanguage\":\"hu\"}]}<\/script>\n<!-- \/ Yoast SEO Premium plugin. -->","yoast_head_json":{"title":"sz\u00e1lanyag sz\u00e1ll\u00edt\u00f3, cs\u0151sz\u00e1ll\u00edt\u00f3 k\u00e9zi kocsi - VAWELD.HU","description":"Sz\u00e1lanyagok, cs\u0151szakaszok, alkatr\u00e9szek sz\u00e1ll\u00edt\u00e1s\u00e1ra tervezett k\u00e9zi cs\u0151sz\u00e1ll\u00edt\u00f3 kocsi. Nagyban megk\u00f6nny\u00edti az \u00e9p\u00edtkez\u00e9s ter\u00fclet\u00e9n val\u00f3 sz\u00e1lanyagok, cs\u00f6vek\u2026","robots":{"index":"index","follow":"follow","max-snippet":"max-snippet:-1","max-image-preview":"max-image-preview:large","max-video-preview":"max-video-preview:-1"},"canonical":"https:\/\/www.vaweld.hu\/index.php\/termek\/szalanyag-szallito-kocsi\/","og_locale":"hu_HU","og_type":"article","og_title":"sz\u00e1lanyag sz\u00e1ll\u00edt\u00f3, cs\u0151sz\u00e1ll\u00edt\u00f3 k\u00e9zi kocsi","og_description":"Sz\u00e1lanyagok, cs\u0151szakaszok, alkatr\u00e9szek sz\u00e1ll\u00edt\u00e1s\u00e1ra tervezett k\u00e9zi cs\u0151sz\u00e1ll\u00edt\u00f3 kocsi. Nagyban megk\u00f6nny\u00edti az \u00e9p\u00edtkez\u00e9s ter\u00fclet\u00e9n val\u00f3 sz\u00e1lanyagok, cs\u00f6vek\u2026","og_url":"https:\/\/www.vaweld.hu\/index.php\/termek\/szalanyag-szallito-kocsi\/","og_site_name":"VAWELD.HU","article_publisher":"https:\/\/www.facebook.com\/VargaAttilaEv","article_modified_time":"2025-11-20T19:08:36+00:00","og_image":[{"width":1707,"height":1707,"url":"https:\/\/www.vaweld.hu\/wp-content\/uploads\/2024\/12\/DSC_0828-scaled-e1735983405443.webp","type":"image\/webp"}],"twitter_card":"summary_large_image","schema":{"@context":"https:\/\/schema.org","@graph":[{"@type":"WebPage","@id":"https:\/\/www.vaweld.hu\/index.php\/termek\/szalanyag-szallito-kocsi\/","url":"https:\/\/www.vaweld.hu\/index.php\/termek\/szalanyag-szallito-kocsi\/","name":"sz\u00e1lanyag sz\u00e1ll\u00edt\u00f3, cs\u0151sz\u00e1ll\u00edt\u00f3 k\u00e9zi kocsi - VAWELD.HU","isPartOf":{"@id":"https:\/\/www.vaweld.hu\/#website"},"primaryImageOfPage":{"@id":"https:\/\/www.vaweld.hu\/index.php\/termek\/szalanyag-szallito-kocsi\/#primaryimage"},"image":{"@id":"https:\/\/www.vaweld.hu\/index.php\/termek\/szalanyag-szallito-kocsi\/#primaryimage"},"thumbnailUrl":"https:\/\/www.vaweld.hu\/wp-content\/uploads\/2024\/12\/DSC_0828-scaled-e1735983405443.webp","datePublished":"2024-12-29T18:22:21+00:00","dateModified":"2025-11-20T19:08:36+00:00","description":"Sz\u00e1lanyagok, cs\u0151szakaszok, alkatr\u00e9szek sz\u00e1ll\u00edt\u00e1s\u00e1ra tervezett k\u00e9zi cs\u0151sz\u00e1ll\u00edt\u00f3 kocsi. Nagyban megk\u00f6nny\u00edti az \u00e9p\u00edtkez\u00e9s ter\u00fclet\u00e9n val\u00f3 sz\u00e1lanyagok, cs\u00f6vek\u2026","breadcrumb":{"@id":"https:\/\/www.vaweld.hu\/index.php\/termek\/szalanyag-szallito-kocsi\/#breadcrumb"},"inLanguage":"hu","potentialAction":[{"@type":"ReadAction","target":["https:\/\/www.vaweld.hu\/index.php\/termek\/szalanyag-szallito-kocsi\/"]}]},{"@type":"ImageObject","inLanguage":"hu","@id":"https:\/\/www.vaweld.hu\/index.php\/termek\/szalanyag-szallito-kocsi\/#primaryimage","url":"https:\/\/www.vaweld.hu\/wp-content\/uploads\/2024\/12\/DSC_0828-scaled-e1735983405443.webp","contentUrl":"https:\/\/www.vaweld.hu\/wp-content\/uploads\/2024\/12\/DSC_0828-scaled-e1735983405443.webp","width":1707,"height":1707,"caption":"sz\u00e1lanyag sz\u00e1ll\u00edt\u00f3 k\u00e9zikocsi, sz\u00e1lanyag sz\u00e1ll\u00edt\u00f3"},{"@type":"BreadcrumbList","@id":"https:\/\/www.vaweld.hu\/index.php\/termek\/szalanyag-szallito-kocsi\/#breadcrumb","itemListElement":[{"@type":"ListItem","position":1,"name":"Kezd\u0151lap","item":"https:\/\/www.vaweld.hu\/"},{"@type":"ListItem","position":2,"name":"Shop","item":"https:\/\/www.vaweld.hu\/index.php\/shop\/"},{"@type":"ListItem","position":3,"name":"sz\u00e1lanyag sz\u00e1ll\u00edt\u00f3, cs\u0151sz\u00e1ll\u00edt\u00f3 k\u00e9zi kocsi"}]},{"@type":"WebSite","@id":"https:\/\/www.vaweld.hu\/#website","url":"https:\/\/www.vaweld.hu\/","name":"VAWELD.HU","description":"VAWELD.HU Gy\u00e1rt\u00e1s, hegeszt\u00e9s, kaputechnika","potentialAction":[{"@type":"SearchAction","target":{"@type":"EntryPoint","urlTemplate":"https:\/\/www.vaweld.hu\/?s={search_term_string}"},"query-input":{"@type":"PropertyValueSpecification","valueRequired":true,"valueName":"search_term_string"}}],"inLanguage":"hu"}]}},"jetpack_sharing_enabled":true,"_links":{"self":[{"href":"https:\/\/www.vaweld.hu\/index.php\/wp-json\/wp\/v2\/product\/1391","targetHints":{"allow":["GET"]}}],"collection":[{"href":"https:\/\/www.vaweld.hu\/index.php\/wp-json\/wp\/v2\/product"}],"about":[{"href":"https:\/\/www.vaweld.hu\/index.php\/wp-json\/wp\/v2\/types\/product"}],"wp:featuredmedia":[{"embeddable":true,"href":"https:\/\/www.vaweld.hu\/index.php\/wp-json\/wp\/v2\/media\/1392"}],"wp:attachment":[{"href":"https:\/\/www.vaweld.hu\/index.php\/wp-json\/wp\/v2\/media?parent=1391"}],"wp:term":[{"taxonomy":"product_cat","embeddable":true,"href":"https:\/\/www.vaweld.hu\/index.php\/wp-json\/wp\/v2\/product_cat?post=1391"},{"taxonomy":"product_tag","embeddable":true,"href":"https:\/\/www.vaweld.hu\/index.php\/wp-json\/wp\/v2\/product_tag?post=1391"}],"curies":[{"name":"wp","href":"https:\/\/api.w.org\/{rel}","templated":true}]}}