{"id":4295,"date":"2025-03-08T14:08:07","date_gmt":"2025-03-08T13:08:07","guid":{"rendered":"https:\/\/www.vaweld.hu\/?post_type=product&#038;p=4295"},"modified":"2025-03-08T16:05:43","modified_gmt":"2025-03-08T15:05:43","slug":"lezervagott-ketszarnyu-kapu-szett","status":"publish","type":"product","link":"https:\/\/www.vaweld.hu\/index.php\/termek\/lezervagott-ketszarnyu-kapu-szett\/","title":{"rendered":"L\u00e9zerv\u00e1gott k\u00e9tsz\u00e1rny\u00fa kapu szett"},"content":{"rendered":"<p>&nbsp;<\/p>\n<p>Be\u00e9p\u00edt\u00e9sre k\u00e9sz ac\u00e9l l\u00e9zerv\u00e1gott k\u00e9tsz\u00e1rny\u00fa kapu szett, l\u00e9zerv\u00e1gott ac\u00e9l lemez bet\u00e9ttel, betonozhat\u00f3 oszlopokkal, v\u00e1laszthat\u00f3 m\u00e9retben \u00e9s v\u00e1laszthat\u00f3 fel\u00fcletkezel\u00e9ssel.<\/p>\n<p>Az oszlopok 100x100x3mm z\u00e1rtszelvenyb\u0151l k\u00e9sz\u00fclnek. K\u00e9tsz\u00e1rny\u00fa kapu keret\u00fcnk a t\u00f6bbi, \u00e1ltal\u00e1nosan a forgalomban kaphat\u00f3 (40x40mm) kapu v\u00e1zhoz k\u00e9pest er\u0151sebb alapanyag felhaszn\u00e1l\u00e1ssal (60x60mm) k\u00e9sz\u00fcl! A l\u00e9zerv\u00e1gott k\u00e9tsz\u00e1rny\u00fa kapu szett minden esetben rendel\u00e9sre k\u00e9sz\u00fcl, r\u00f6vid gy\u00e1rt\u00e1si id\u0151vel \u00e9s kimagasl\u00f3 min\u0151s\u00e9gben!<\/p>\n<p>V\u00e1lassza ki a sz\u00fcks\u00e9ges magass\u00e1got \u00e9s sz\u00e9less\u00e9get, majd a fel\u00fcletkezel\u00e9st, \u00edgy azonnal l\u00e1thatja a l\u00e9zerv\u00e1gott k\u00e9tsz\u00e1rny\u00fa kapu szett \u00e1r\u00e1t. Legyen ak\u00e1r nat\u00far festetlen vagy porfestett fel\u00fclettel az eszt\u00e9tikus megjelen\u00e9s\u00e9rt \u00e9s tart\u00f3s korr\u00f3zi\u00f3v\u00e9delem\u00e9rt, horganyzott fel\u00fclettel az \u00fasz\u00f3kapu keret kiv\u00e1l\u00f3 tart\u00f3ss\u00e1g\u00e1\u00e9rt, vagy ak\u00e1r horganyzott+porfestett v\u00e1ltozatban az \u00e9vtizedeken \u00e1t tart\u00f3 gondoz\u00e1smentess\u00e9g\u00e9rt!<\/p>\n<p>Az elektrosztatikus porfestett v\u00e1ltozatn\u00e1l alap esetben is 2 r\u00e9teg (1 alapoz\u00f3 r\u00e9teg + 1 \u00a0sz\u00edn) biztos\u00edtja a fel\u00fcleti rozsda kialakul\u00e1s\u00e1nak megakad\u00e1lyoz\u00e1s\u00e1t \u00e9s a korr\u00f3zi\u00f3 elleni v\u00e9delmet!<\/p>\n<p>K\u00e9tsz\u00e1rny\u00fa kapu v\u00e1zaink m\u00e9retez\u00e9se: A kapu magass\u00e1ga 5cm als\u00f3 h\u00e9zaggal egy\u00fctt \u00e9rtend\u0151! Pl.: Egy 150cm magas kapu eset\u00e9ben a t\u00e9nyleges v\u00e1zm\u00e9ret = 150cm-5cm=145cm ! A k\u00e9tsz\u00e1rny\u00fa kapu sz\u00e9less\u00e9gi m\u00e9rete oszlopt\u00f3l oszlopig (bels\u0151 t\u00e1vols\u00e1g) \u00e9rtend\u0151!<\/p>\n<h4>V\u00e1laszthat\u00f3 fel\u00fcletkezel\u00e9si elj\u00e1r\u00e1sok:<\/h4>\n<ul>\n<li>Nat\u00far (fel\u00fcletkezel\u00e9s n\u00e9lk\u00fcli festetlen ac\u00e9l)<\/li>\n<li>Porfestett (2 r\u00e9tegben)<\/li>\n<li>Horganyzott (horganyzott, festetlen fel\u00fclet)<\/li>\n<li>Horganyzott+Porfestett (horganyzott fel\u00fclet + 1 r\u00e9teg v\u00e1laszthat\u00f3 sz\u00edn)<\/li>\n<\/ul>\n<p>V\u00e1laszthat\u00f3 sz\u00ednek a kapu v\u00e1zakhoz (elektrosztatikus porfest\u00e9ssel):<\/p>\n<ul>\n<li>Fekete (RAL9005)<\/li>\n<li>Antracit sz\u00fcrke (RAL7016)<\/li>\n<li>Barna (RAL8017)<\/li>\n<li>Feh\u00e9r (RAL9010)<\/li>\n<li>Z\u00f6ld (RAL6002)<\/li>\n<li>Sz\u00fcrke (RAL7001)<\/li>\n<\/ul>\n<p>A l\u00e9zerv\u00e1gott k\u00e9tsz\u00e1rny\u00fa kapu szett tartalma:<\/p>\n<ul>\n<li>1db jobb -\u00e9s 1db bal oldali kapusz\u00e1rny a forg\u00e1spontok fogad\u00e1s\u00e1hoz kialak\u00edtva, \u00a0kapu v\u00e1z\u00e1ba szerelt l\u00e9zerv\u00e1gott lemezbet\u00e9tekkel<\/li>\n<li>2db betonozhat\u00f3 kapuoszlop, a forg\u00e1spontok fogad\u00e1s\u00e1hoz kialak\u00edtva (kapu magass\u00e1ga+80cm hossz)<\/li>\n<li>4db \u00e1ll\u00edthat\u00f3 m16 forg\u00e1spont (horganyzott ac\u00e9l)<\/li>\n<li>2db L- profil (oszlopokra r\u00f6gz\u00edthet\u0151 h\u00e9zag \u00e9s forg\u00e1spont takar\u00f3 elem)<\/li>\n<\/ul>\n<p>Egy\u00e9b kieg\u00e9sz\u00edt\u0151kkel, egyedi ig\u00e9nyekre val\u00f3 megold\u00e1sokkal \u00a0kapcsolatosan k\u00e9rje egyedi aj\u00e1nlatunkat e-mailben az <a href=\"mailto:info@vaweld.hu\">info@vaweld.hu<\/a> c\u00edmre k\u00fcldve!<\/p>\n<p>A kapukat minden esetben megrendel\u00e9sre gy\u00e1rtjuk \u00e9s a szerkezetek gy\u00e1rt\u00e1s\u00e1hoz sz\u00fcks\u00e9ges id\u0151 a rendel\u00e9s lead\u00e1s\u00e1t\u00f3l sz\u00e1m\u00edtott kb 2-3 h\u00e9t!<\/p>\n<p>A l\u00e9zerv\u00e1gott k\u00e9tsz\u00e1rny\u00fa kapu szett szakszer\u0171 be\u00e9p\u00edt\u00e9se az \u00d6n \u00e9s \/ vagy kivitelez\u0151j\u00e9nek feladata! A felt\u00fcntetett \u00e1rak a sz\u00e1ll\u00edt\u00e1st \u00e9s be\u00e9p\u00edt\u00e9st nem tartalamazz\u00e1k.<\/p>\n<p>A k\u00e9tsz\u00e1rny\u00fa kapu szett szem\u00e9lyes \u00e1tv\u00e9tel\u00e9re lehet\u0151s\u00e9g van m\u0171hely\u00fcnkn\u00e9l el\u0151re egyeztetett id\u0151pontban! (Balatonf\u0171zf\u0151)<\/p>\n<p>A kisz\u00e1ll\u00edt\u00e1st jelenleg 60km-es k\u00f6rzetben v\u00e1llaljuk \u00e9s fel\u00e1r ellen\u00e9ben!<\/p>\n<p>EGYEDI KER\u00cdT\u00c9SEK, KAPUK, \u00daSZ\u00d3KAPU V\u00c1ZAK GY\u00c1RT\u00c1S\u00c1VAL KAPCSOLATOSAN IS V\u00c1RJUK AJ\u00c1NLATK\u00c9R\u00c9S\u00c9T, MELYEKR\u0150L B\u0150VEBBEN AZ AL\u00c1BBI OLDALUNKON T\u00c1J\u00c9KOZ\u00d3DHAT:<\/p>\n<p><a href=\"https:\/\/www.vaweld.hu\/index.php\/kapu\/\">KAPUK\/KER\u00cdT\u00c9SEK<\/a><\/p>\n<p>&nbsp;<\/p>\n<p><a href=\"https:\/\/www.facebook.com\/share\/1H2HtWnZzH\/?mibextid=wwXIfr\">Facebook oldalunk<\/a><\/p>\n<p>&nbsp;<\/p>\n<p><a href=\"https:\/\/www.tiktok.com\/@vaweld.hu?_t=ZN-8triyGrB8vm&amp;_r=1\">TikTok:<\/a><\/p>\n<blockquote class=\"tiktok-embed\" cite=\"https:\/\/www.tiktok.com\/@vaweld.hu\" data-unique-id=\"vaweld.hu\" data-embed-from=\"oembed\" data-embed-type=\"creator\" style=\"max-width:780px; min-width:288px;\">\n<section> <a target=\"_blank\" href=\"https:\/\/www.tiktok.com\/@vaweld.hu?refer=creator_embed\">@vaweld.hu<\/a> <\/section>\n<\/blockquote>\n<p> <script async src=\"https:\/\/www.tiktok.com\/embed.js\"><\/script><\/p>\n","protected":false},"excerpt":{"rendered":"<p>L\u00e9zerv\u00e1gott \u00a0k\u00e9tsz\u00e1rny\u00fa \u00a0kapu \u00a0szett, \u00a0lemezbet\u00e9tekkel.<\/p>\n<p><a href=\"https:\/\/www.vaweld.hu\/wp-content\/uploads\/2025\/03\/watermarkPhoto-0.avif\"><img decoding=\"async\" class=\"alignleft size-large wp-image-4983\" src=\"https:\/\/www.vaweld.hu\/wp-content\/uploads\/2025\/03\/watermarkPhoto-0-1024x1024.avif\" alt=\"L\u00e9zerv\u00e1gott k\u00e9tsz\u00e1rny\u00fa kapu szett\" width=\"1024\" height=\"1024\" srcset=\"https:\/\/www.vaweld.hu\/wp-content\/uploads\/2025\/03\/watermarkPhoto-0-1024x1024.avif 1024w, https:\/\/www.vaweld.hu\/wp-content\/uploads\/2025\/03\/watermarkPhoto-0-300x300.avif 300w, https:\/\/www.vaweld.hu\/wp-content\/uploads\/2025\/03\/watermarkPhoto-0-150x150.avif 150w, https:\/\/www.vaweld.hu\/wp-content\/uploads\/2025\/03\/watermarkPhoto-0-768x768.avif 768w, https:\/\/www.vaweld.hu\/wp-content\/uploads\/2025\/03\/watermarkPhoto-0-200x200.avif 200w, https:\/\/www.vaweld.hu\/wp-content\/uploads\/2025\/03\/watermarkPhoto-0-400x400.avif 400w, https:\/\/www.vaweld.hu\/wp-content\/uploads\/2025\/03\/watermarkPhoto-0-375x375.avif 375w, https:\/\/www.vaweld.hu\/wp-content\/uploads\/2025\/03\/watermarkPhoto-0-800x800.avif 800w, https:\/\/www.vaweld.hu\/wp-content\/uploads\/2025\/03\/watermarkPhoto-0-100x100.avif 100w, https:\/\/www.vaweld.hu\/wp-content\/uploads\/2025\/03\/watermarkPhoto-0.avif 1237w\" sizes=\"(max-width: 1024px) 100vw, 1024px\" \/><\/a><\/p>\n","protected":false},"featured_media":4983,"template":"","meta":[],"product_cat":[41,64,83],"product_tag":[],"class_list":{"0":"post-4295","1":"product","2":"type-product","3":"status-publish","4":"has-post-thumbnail","6":"product_cat-termekeink","7":"product_cat-kapuk-keritesek","8":"product_cat-ketszarnyu-kapu-szett","9":"product_shipping_class-extra-nagy","11":"first","12":"onbackorder","13":"sold-individually","14":"taxable","15":"shipping-taxable","16":"purchasable","17":"product-type-variable"},"yoast_head":"<!-- This site is optimized with the Yoast SEO Premium plugin v23.8 (Yoast SEO v27.4) - https:\/\/yoast.com\/product\/yoast-seo-premium-wordpress\/ -->\n<title>L\u00e9zerv\u00e1gott k\u00e9tsz\u00e1rny\u00fa kapu- Kiv\u00e1l\u00f3 min\u0151s\u00e9g, kedvez\u0151 \u00e1ron!<\/title>\n<meta name=\"description\" content=\"Be\u00e9p\u00edt\u00e9sre k\u00e9sz l\u00e9zerv\u00e1gott k\u00e9tsz\u00e1rny\u00fa kapu szett, l\u00e9zerv\u00e1gott bet\u00e9ttel, kieg\u00e9sz\u00edt\u0151kkel. V\u00e1lassza ki a k\u00e9tsz\u00e1rny\u00fa kapu m\u00e9reteit, fel\u00fcletkezel\u00e9s\u00e9t \u00e9s rende\u2026\" \/>\n<meta name=\"robots\" content=\"index, follow, max-snippet:-1, max-image-preview:large, max-video-preview:-1\" \/>\n<link rel=\"canonical\" href=\"https:\/\/www.vaweld.hu\/index.php\/termek\/lezervagott-ketszarnyu-kapu-szett\/\" \/>\n<meta property=\"og:locale\" content=\"hu_HU\" \/>\n<meta property=\"og:type\" content=\"article\" \/>\n<meta property=\"og:title\" content=\"L\u00e9zerv\u00e1gott k\u00e9tsz\u00e1rny\u00fa kapu szett\" \/>\n<meta property=\"og:description\" content=\"Be\u00e9p\u00edt\u00e9sre k\u00e9sz l\u00e9zerv\u00e1gott k\u00e9tsz\u00e1rny\u00fa kapu szett, l\u00e9zerv\u00e1gott bet\u00e9ttel, kieg\u00e9sz\u00edt\u0151kkel. V\u00e1lassza ki a k\u00e9tsz\u00e1rny\u00fa kapu m\u00e9reteit, fel\u00fcletkezel\u00e9s\u00e9t \u00e9s rende\u2026\" \/>\n<meta property=\"og:url\" content=\"https:\/\/www.vaweld.hu\/index.php\/termek\/lezervagott-ketszarnyu-kapu-szett\/\" \/>\n<meta property=\"og:site_name\" content=\"VAWELD.HU\" \/>\n<meta property=\"article:publisher\" content=\"https:\/\/www.facebook.com\/VargaAttilaEv\" \/>\n<meta property=\"article:modified_time\" content=\"2025-03-08T15:05:43+00:00\" \/>\n<meta property=\"og:image\" content=\"https:\/\/www.vaweld.hu\/wp-content\/uploads\/2025\/03\/watermarkPhoto-0.avif\" \/>\n\t<meta property=\"og:image:width\" content=\"1237\" \/>\n\t<meta property=\"og:image:height\" content=\"1237\" \/>\n\t<meta property=\"og:image:type\" content=\"image\/jpeg\" \/>\n<meta name=\"twitter:card\" content=\"summary_large_image\" \/>\n<script type=\"application\/ld+json\" class=\"yoast-schema-graph\">{\"@context\":\"https:\\\/\\\/schema.org\",\"@graph\":[{\"@type\":\"WebPage\",\"@id\":\"https:\\\/\\\/www.vaweld.hu\\\/index.php\\\/termek\\\/lezervagott-ketszarnyu-kapu-szett\\\/\",\"url\":\"https:\\\/\\\/www.vaweld.hu\\\/index.php\\\/termek\\\/lezervagott-ketszarnyu-kapu-szett\\\/\",\"name\":\"L\u00e9zerv\u00e1gott k\u00e9tsz\u00e1rny\u00fa kapu- Kiv\u00e1l\u00f3 min\u0151s\u00e9g, kedvez\u0151 \u00e1ron!\",\"isPartOf\":{\"@id\":\"https:\\\/\\\/www.vaweld.hu\\\/#website\"},\"primaryImageOfPage\":{\"@id\":\"https:\\\/\\\/www.vaweld.hu\\\/index.php\\\/termek\\\/lezervagott-ketszarnyu-kapu-szett\\\/#primaryimage\"},\"image\":{\"@id\":\"https:\\\/\\\/www.vaweld.hu\\\/index.php\\\/termek\\\/lezervagott-ketszarnyu-kapu-szett\\\/#primaryimage\"},\"thumbnailUrl\":\"https:\\\/\\\/www.vaweld.hu\\\/wp-content\\\/uploads\\\/2025\\\/03\\\/watermarkPhoto-0.avif\",\"datePublished\":\"2025-03-08T13:08:07+00:00\",\"dateModified\":\"2025-03-08T15:05:43+00:00\",\"description\":\"Be\u00e9p\u00edt\u00e9sre k\u00e9sz l\u00e9zerv\u00e1gott k\u00e9tsz\u00e1rny\u00fa kapu szett, l\u00e9zerv\u00e1gott bet\u00e9ttel, kieg\u00e9sz\u00edt\u0151kkel. V\u00e1lassza ki a k\u00e9tsz\u00e1rny\u00fa kapu m\u00e9reteit, fel\u00fcletkezel\u00e9s\u00e9t \u00e9s rende\u2026\",\"breadcrumb\":{\"@id\":\"https:\\\/\\\/www.vaweld.hu\\\/index.php\\\/termek\\\/lezervagott-ketszarnyu-kapu-szett\\\/#breadcrumb\"},\"inLanguage\":\"hu\",\"potentialAction\":[{\"@type\":\"ReadAction\",\"target\":[\"https:\\\/\\\/www.vaweld.hu\\\/index.php\\\/termek\\\/lezervagott-ketszarnyu-kapu-szett\\\/\"]}]},{\"@type\":\"ImageObject\",\"inLanguage\":\"hu\",\"@id\":\"https:\\\/\\\/www.vaweld.hu\\\/index.php\\\/termek\\\/lezervagott-ketszarnyu-kapu-szett\\\/#primaryimage\",\"url\":\"https:\\\/\\\/www.vaweld.hu\\\/wp-content\\\/uploads\\\/2025\\\/03\\\/watermarkPhoto-0.avif\",\"contentUrl\":\"https:\\\/\\\/www.vaweld.hu\\\/wp-content\\\/uploads\\\/2025\\\/03\\\/watermarkPhoto-0.avif\",\"width\":1237,\"height\":1237,\"caption\":\"L\u00e9zerv\u00e1gott k\u00e9tsz\u00e1rny\u00fa kapu szett\"},{\"@type\":\"BreadcrumbList\",\"@id\":\"https:\\\/\\\/www.vaweld.hu\\\/index.php\\\/termek\\\/lezervagott-ketszarnyu-kapu-szett\\\/#breadcrumb\",\"itemListElement\":[{\"@type\":\"ListItem\",\"position\":1,\"name\":\"Kezd\u0151lap\",\"item\":\"https:\\\/\\\/www.vaweld.hu\\\/\"},{\"@type\":\"ListItem\",\"position\":2,\"name\":\"Shop\",\"item\":\"https:\\\/\\\/www.vaweld.hu\\\/index.php\\\/shop\\\/\"},{\"@type\":\"ListItem\",\"position\":3,\"name\":\"L\u00e9zerv\u00e1gott k\u00e9tsz\u00e1rny\u00fa kapu szett\"}]},{\"@type\":\"WebSite\",\"@id\":\"https:\\\/\\\/www.vaweld.hu\\\/#website\",\"url\":\"https:\\\/\\\/www.vaweld.hu\\\/\",\"name\":\"VAWELD.HU\",\"description\":\"VAWELD.HU Gy\u00e1rt\u00e1s, hegeszt\u00e9s, kaputechnika\",\"potentialAction\":[{\"@type\":\"SearchAction\",\"target\":{\"@type\":\"EntryPoint\",\"urlTemplate\":\"https:\\\/\\\/www.vaweld.hu\\\/?s={search_term_string}\"},\"query-input\":{\"@type\":\"PropertyValueSpecification\",\"valueRequired\":true,\"valueName\":\"search_term_string\"}}],\"inLanguage\":\"hu\"}]}<\/script>\n<!-- \/ Yoast SEO Premium plugin. -->","yoast_head_json":{"title":"L\u00e9zerv\u00e1gott k\u00e9tsz\u00e1rny\u00fa kapu- Kiv\u00e1l\u00f3 min\u0151s\u00e9g, kedvez\u0151 \u00e1ron!","description":"Be\u00e9p\u00edt\u00e9sre k\u00e9sz l\u00e9zerv\u00e1gott k\u00e9tsz\u00e1rny\u00fa kapu szett, l\u00e9zerv\u00e1gott bet\u00e9ttel, kieg\u00e9sz\u00edt\u0151kkel. V\u00e1lassza ki a k\u00e9tsz\u00e1rny\u00fa kapu m\u00e9reteit, fel\u00fcletkezel\u00e9s\u00e9t \u00e9s rende\u2026","robots":{"index":"index","follow":"follow","max-snippet":"max-snippet:-1","max-image-preview":"max-image-preview:large","max-video-preview":"max-video-preview:-1"},"canonical":"https:\/\/www.vaweld.hu\/index.php\/termek\/lezervagott-ketszarnyu-kapu-szett\/","og_locale":"hu_HU","og_type":"article","og_title":"L\u00e9zerv\u00e1gott k\u00e9tsz\u00e1rny\u00fa kapu szett","og_description":"Be\u00e9p\u00edt\u00e9sre k\u00e9sz l\u00e9zerv\u00e1gott k\u00e9tsz\u00e1rny\u00fa kapu szett, l\u00e9zerv\u00e1gott bet\u00e9ttel, kieg\u00e9sz\u00edt\u0151kkel. V\u00e1lassza ki a k\u00e9tsz\u00e1rny\u00fa kapu m\u00e9reteit, fel\u00fcletkezel\u00e9s\u00e9t \u00e9s rende\u2026","og_url":"https:\/\/www.vaweld.hu\/index.php\/termek\/lezervagott-ketszarnyu-kapu-szett\/","og_site_name":"VAWELD.HU","article_publisher":"https:\/\/www.facebook.com\/VargaAttilaEv","article_modified_time":"2025-03-08T15:05:43+00:00","og_image":[{"width":1237,"height":1237,"url":"https:\/\/www.vaweld.hu\/wp-content\/uploads\/2025\/03\/watermarkPhoto-0.avif","type":"image\/jpeg"}],"twitter_card":"summary_large_image","schema":{"@context":"https:\/\/schema.org","@graph":[{"@type":"WebPage","@id":"https:\/\/www.vaweld.hu\/index.php\/termek\/lezervagott-ketszarnyu-kapu-szett\/","url":"https:\/\/www.vaweld.hu\/index.php\/termek\/lezervagott-ketszarnyu-kapu-szett\/","name":"L\u00e9zerv\u00e1gott k\u00e9tsz\u00e1rny\u00fa kapu- Kiv\u00e1l\u00f3 min\u0151s\u00e9g, kedvez\u0151 \u00e1ron!","isPartOf":{"@id":"https:\/\/www.vaweld.hu\/#website"},"primaryImageOfPage":{"@id":"https:\/\/www.vaweld.hu\/index.php\/termek\/lezervagott-ketszarnyu-kapu-szett\/#primaryimage"},"image":{"@id":"https:\/\/www.vaweld.hu\/index.php\/termek\/lezervagott-ketszarnyu-kapu-szett\/#primaryimage"},"thumbnailUrl":"https:\/\/www.vaweld.hu\/wp-content\/uploads\/2025\/03\/watermarkPhoto-0.avif","datePublished":"2025-03-08T13:08:07+00:00","dateModified":"2025-03-08T15:05:43+00:00","description":"Be\u00e9p\u00edt\u00e9sre k\u00e9sz l\u00e9zerv\u00e1gott k\u00e9tsz\u00e1rny\u00fa kapu szett, l\u00e9zerv\u00e1gott bet\u00e9ttel, kieg\u00e9sz\u00edt\u0151kkel. V\u00e1lassza ki a k\u00e9tsz\u00e1rny\u00fa kapu m\u00e9reteit, fel\u00fcletkezel\u00e9s\u00e9t \u00e9s rende\u2026","breadcrumb":{"@id":"https:\/\/www.vaweld.hu\/index.php\/termek\/lezervagott-ketszarnyu-kapu-szett\/#breadcrumb"},"inLanguage":"hu","potentialAction":[{"@type":"ReadAction","target":["https:\/\/www.vaweld.hu\/index.php\/termek\/lezervagott-ketszarnyu-kapu-szett\/"]}]},{"@type":"ImageObject","inLanguage":"hu","@id":"https:\/\/www.vaweld.hu\/index.php\/termek\/lezervagott-ketszarnyu-kapu-szett\/#primaryimage","url":"https:\/\/www.vaweld.hu\/wp-content\/uploads\/2025\/03\/watermarkPhoto-0.avif","contentUrl":"https:\/\/www.vaweld.hu\/wp-content\/uploads\/2025\/03\/watermarkPhoto-0.avif","width":1237,"height":1237,"caption":"L\u00e9zerv\u00e1gott k\u00e9tsz\u00e1rny\u00fa kapu szett"},{"@type":"BreadcrumbList","@id":"https:\/\/www.vaweld.hu\/index.php\/termek\/lezervagott-ketszarnyu-kapu-szett\/#breadcrumb","itemListElement":[{"@type":"ListItem","position":1,"name":"Kezd\u0151lap","item":"https:\/\/www.vaweld.hu\/"},{"@type":"ListItem","position":2,"name":"Shop","item":"https:\/\/www.vaweld.hu\/index.php\/shop\/"},{"@type":"ListItem","position":3,"name":"L\u00e9zerv\u00e1gott k\u00e9tsz\u00e1rny\u00fa kapu szett"}]},{"@type":"WebSite","@id":"https:\/\/www.vaweld.hu\/#website","url":"https:\/\/www.vaweld.hu\/","name":"VAWELD.HU","description":"VAWELD.HU Gy\u00e1rt\u00e1s, hegeszt\u00e9s, kaputechnika","potentialAction":[{"@type":"SearchAction","target":{"@type":"EntryPoint","urlTemplate":"https:\/\/www.vaweld.hu\/?s={search_term_string}"},"query-input":{"@type":"PropertyValueSpecification","valueRequired":true,"valueName":"search_term_string"}}],"inLanguage":"hu"}]}},"jetpack_sharing_enabled":true,"_links":{"self":[{"href":"https:\/\/www.vaweld.hu\/index.php\/wp-json\/wp\/v2\/product\/4295","targetHints":{"allow":["GET"]}}],"collection":[{"href":"https:\/\/www.vaweld.hu\/index.php\/wp-json\/wp\/v2\/product"}],"about":[{"href":"https:\/\/www.vaweld.hu\/index.php\/wp-json\/wp\/v2\/types\/product"}],"wp:featuredmedia":[{"embeddable":true,"href":"https:\/\/www.vaweld.hu\/index.php\/wp-json\/wp\/v2\/media\/4983"}],"wp:attachment":[{"href":"https:\/\/www.vaweld.hu\/index.php\/wp-json\/wp\/v2\/media?parent=4295"}],"wp:term":[{"taxonomy":"product_cat","embeddable":true,"href":"https:\/\/www.vaweld.hu\/index.php\/wp-json\/wp\/v2\/product_cat?post=4295"},{"taxonomy":"product_tag","embeddable":true,"href":"https:\/\/www.vaweld.hu\/index.php\/wp-json\/wp\/v2\/product_tag?post=4295"}],"curies":[{"name":"wp","href":"https:\/\/api.w.org\/{rel}","templated":true}]}}